= 1 - 0, -l = -3*x + 5. List the prime factors of (1 + l)*(-5 - 8).
13
Suppose 2*a = -2*u + 46 + 14, -5*u + 129 = -2*a. What are the prime factors of u?
3
Let t be 1*(-5 - -3) + 2. Let h be 1 - (-1 + t)*2. Suppose h*x + x - 68 = 0. What are the prime factors of x?
17
Suppose 18*h - 17*h = -11. Let k(v) = -v**3 - 6*v**2 - 2*v - 7. Let o be k(-5). Let f = h - o. What are the prime factors of f?
11
Suppose -35 - 16 = -3*m. Let v = -3 + m. List the prime factors of v.
2, 7
Let u = 8 + -2. Suppose -g - 2*s + u = 2*g, -s + 3 = 5*g. Suppose g = -4*k - 5*p + 3*p + 76, -3*k - 5*p + 57 = 0. List the prime factors of k.
19
Let m(u) = 32*u**3 + u**2 - 1. What are the prime factors of m(1)?
2
Let h = 12 - 2. What are the prime factors of h?
2, 5
Let h be 2/(-2) + -3 + -66. Let f be h/(-15) + 4/(-6). Suppose -2*i = -y - 12, 6*y - f*y = -8. List the prime factors of i.
2
Let z(p) = p - 12. Let d be z(10). Let r be (d/(-3))/((-2)/(-6)). What are the prime factors of (r + (-14)/4)*-2?
3
Let a = -3 + 1. Let g(l) be the third derivative of -l**4/24 + l**3/6 + l**2. What are the prime factors of g(a)?
3
List the prime factors of (-6)/((-2)/(-24)*-2).
2, 3
Let z(i) = 2*i - 6. Suppose 2*v = 4*m + 28, -13 = 3*v - 0*v + 5*m. What are the prime factors of z(v)?
2
List the prime factors of (0 - 4234/(-26)) + 6/39.
163
Let c(v) be the first derivative of v**2 + 5*v - 1. List the prime factors of c(3).
11
Let w(g) = g**2 - 2*g - 8. Suppose -q = -0*q + 17. Let o = -11 - q. What are the prime factors of w(o)?
2
Suppose 0 = o - 7 - 16. What are the prime factors of o?
23
Suppose -5*n + 13 = 2*h, -2*h + 1 = 3*n - 6. Suppose -2*z + 5*z = -5*y + 38, n*z = 3*y - 42. What are the prime factors of y?
2, 5
Let r(t) = t**3 - t**2 + t - 1. Let k be r(2). Suppose 2*m - 36 = -k*w + 16, m = 2*w - 28. List the prime factors of w.
2, 3
Let x = 154 - 145. List the prime factors of x.
3
Let w(p) = 4*p**2 - 17*p + 3. List the prime factors of w(5).
2, 3
Suppose 0 = 2*x - 2*z - 8, -5*x + 3*x + 8 = z. Suppose x*y + u = -0*u + 45, -3*u - 69 = -5*y. List the prime factors of y.
2, 3
Suppose -4*x + 5 = 1, 5*x = 3*s - 70. Let y = 6 + s. List the prime factors of y.
31
Let p(k) = -k**3 - 4*k**2 + 5*k + 4. Let j be p(-5). Suppose 0 = 2*t - j*t + 6. What are the prime factors of t/4*28/7?
3
Suppose 0 = 3*a - 5*q - 262, -a - a - 4*q + 138 = 0. Suppose 4*o - a = -o + s, 5*o = 5*s + 75. Suppose 5*c - 9 = o. List the prime factors of c.
5
Let l(j) = 5*j - 3. What are the prime factors of l(5)?
2, 11
Suppose 5*o = -o + 78. Suppose 0 = 7*t - 3*t - 8. Suppose -t*y + o = -1. What are the prime factors of y?
7
Let a = -2 + 4. Suppose 0 = 2*q + a*q. Let d(r) = -r**2 + 8. What are the prime factors of d(q)?
2
Suppose -13 - 23 = 4*o. Let m = o + 18. What are the prime factors of m?
3
Suppose 3*u + u = 112. What are the prime factors of u?
2, 7
Suppose 4*g = 2*h + 216, -h - 4*h + 10 = 0. Suppose 4*j = -7 + g. List the prime factors of j.
2, 3
Suppose 4*f = 0, -i + 5*i - 44 = -3*f. What are the prime factors of i?
11
Let s(f) = -f**3 + 4*f**2 - 3*f - 2. Let z be s(-4). Suppose -5*m - 3*t = -176, 0*t - t + z = 4*m. What are the prime factors of m/2 - (3 + -1)?
3, 5
Suppose 0 = -153*q + 148*q + 75. List the prime factors of q.
3, 5
Let o = -118 + 169. Let n = -7 + o. Suppose -2*b - 16 = -n. List the prime factors of b.
2, 7
Let m(k) = 2*k**2 - 5*k - 1. Let c be m(4). Suppose 26 = 2*l - 0*r + 2*r, -2*r = l - c. List the prime factors of l.
3, 5
Let f(g) = -2*g - g**3 + 9*g**2 + 16*g + 4 + 1. What are the prime factors of f(10)?
3, 5
Suppose -27 = 2*n - n. Suppose 48 = 4*c - 116. Let q = n + c. What are the prime factors of q?
2, 7
Let d = -26 + 57. Suppose -4*s + d = 7. List the prime factors of (-13)/(-3) + 4/s.
5
Suppose -4*h + 10 = 2*x, 5*x + 2 = -2*h + 11. Let g = x + 1. Suppose -u = 5, 6*u + 35 = g*c + 3*u. List the prime factors of c.
2, 5
Suppose -5*w = -3*w - 12. Suppose 190 = -h + w*h. List the prime factors of h.
2, 19
Let f = 292 + -173. List the prime factors of f.
7, 17
Suppose -10 = -5*n + 5. Suppose -3*d + 4*q = -1, -3*d - n*q = -2*d - 9. Suppose 2*v - 20 = -d*v. List the prime factors of v.
2
Suppose -h = -7*h + 300. List the prime factors of h.
2, 5
Suppose -5*j + 9*j + 92 = 2*k, j = 5*k - 185. List the prime factors of k.
2, 3
Let q = -296 + 421. List the prime factors of q.
5
Suppose 56 = 4*x - 4. Suppose 2*m - 1 = x. What are the prime factors of m?
2
Let h(m) = -2*m**2 + 3*m + 3. Let n be h(4). What are the prime factors of -3 + 0 - -4 - n?
2, 3
Let g be 0/((-2)/(-2)) - -1. Suppose g = -2*f + 5. Suppose -3*x - f*x = -40. List the prime factors of x.
2
Suppose -3*t + 3*c + 65 = 17, -2*t + 7 = 3*c. What are the prime factors of t?
11
Suppose 2*j - 250 = -3*j. Suppose 0 = 3*b + 2*f - 4*f + 25, 5*b - 5*f + j = 0. Let r = b - -10. List the prime factors of r.
5
Let i(c) = 2*c**3 - 4*c**2 - 2*c + 3. Let h be i(3). Let m = h + -1. What are the prime factors of m?
2, 7
Let h(a) = -a**2 + 10*a + 13. Let r be h(11). Suppose 165 = 5*s - 3*v, 52 = r*s - 5*v + v. List the prime factors of s.
2, 3
Let m(f) = -3*f**2 + 15*f - 10. Let k(v) = -v**2 + 5*v - 3. Let z(d) = 8*k(d) - 3*m(d). Let h = 2 - -2. What are the prime factors of z(h)?
2
Let r(v) = 8 - 4 + 6 - v. Suppose -l + 6*l = -3*u - 20, -3*l = 3*u + 12. What are the prime factors of r(u)?
2, 5
Let i(p) = 4*p - 1. Let z be i(1). Let a(t) be the third derivative of t**5/60 + t**4/24 - t**3/3 + t**2. What are the prime factors of a(z)?
2, 5
Suppose -132 = -4*t + 2*r + 2*r, 0 = 3*t - r - 103. What are the prime factors of t?
5, 7
Suppose -7*h - 10 = -24. Let q(c) = c**2 - c + 3. Let o be q(6). Suppose -5*n + 114 = -g, -o = -h*n - 2*g + 15. What are the prime factors of n?
23
Let i be -3*4/6 - -10. Let a = i + -4. List the prime factors of a.
2
Let b be (-10)/3 - (-10)/(-15). Let u(k) = -k**3 - 3*k**2 + 3*k - 1. Let n be u(b). Let d = n - 0. What are the prime factors of d?
3
What are the prime factors of (24/(-42))/((-4)/14) - -16?
2, 3
Suppose -24 = -6*h + 8*h. What are the prime factors of 32 + (1 - h/(-4))?
2, 3, 5
List the prime factors of (-5)/1*12/(-30).
2
Let d(f) = -f. Let r(p) = -p - 2. Let s(k) = -2*d(k) + r(k). Let j(q) = -2*q + 2. Let h(u) = -2*j(u) - 3*s(u). List the prime factors of h(3).
5
Let g = -7 + 4. Let q = 7 + g. Suppose 2*r = -3*z + 36, -q*z - 5*r = -4*r - 43. List the prime factors of z.
2, 5
Let d(v) = 7 + 7*v**2 - 3*v + 2*v - v**3 - 3*v. Let w be d(6). Suppose -27 = -5*o - 2*y, 2*y + 2*y - w = -3*o. List the prime factors of o.
5
Let u be (-66)/15 - (-4)/10. Let t be (0 - 3)/(6/u). Suppose 0 = -f + t*f - 7. What are the prime factors of f?
7
Suppose -2*w - 2*w - 32 = -m, 2*m - 55 = -w. What are the prime factors of m?
2, 7
Let w(m) = -m - 6*m**3 + m**3 + 4*m**3 + 3*m**2 - 5*m**2 + 3. What are the prime factors of w(-3)?
3, 5
Let x = -4 - -9. Suppose -23 - 42 = -x*o. What are the prime factors of o?
13
Let c = -100 - -45. Let g = -17 - c. What are the prime factors of g?
2, 19
Suppose 159 = -4*g - 101. Let k = -40 - g. List the prime factors of k.
5
Suppose -6*q + 2*q + 8 = 0. Let m be -27*(q + (-16)/6). Suppose 3*g + m = 45. List the prime factors of g.
3
Suppose -3*q = 2*q + 15. Let z be 14/q + 4/6. Let c = z + 12. List the prime factors of c.
2
Let z be -7*(-1 + -1 + 1). Let r(a) be the second derivative of a**3/6 - a**2 - a. What are the prime factors of r(z)?
5
Let x be -2 + (0/1)/(-3). What are the prime factors of (x*1)/(8/(-16))?
2
Let b be 3/(2 + 9/(-5)). Suppose 4*s + 3*o = o - 28, 2*s = 5*o - 38. Let r = s + b. What are the prime factors of r?
2, 3
Suppose -6*p + p = 170. What are the prime factors of p/(-6) + (-8)/12?
5
Let i(u) = -9*u - 4. Let h(a) = -3*a + 7. Let r be h(3). What are the prime factors of i(r)?
2, 7
Suppose 0*s - 4*s = a - 77, 5*s = 2*a - 128. List the prime factors of a.
3, 23
Let r = -3 - -3. Suppose r = d, -2*h - d + 0 = -14. List the prime factors of h.
7
Let y(q) = -q**3 - 20*q**2 + 3*q + 18. Let p be y(-20). Let x = 76 + p. What are the prime factors of x?
2, 17
Suppose 3*s = -s + 12, 5*i - 4*s + 72 = 0. Let p(x) = -x**3 - 12*x**2 - 4*x - 14. What are the prime factors of p(i)?
2, 17
Suppose -3*z - 120 = -8*z. What are the prime factors of z?
2, 3
Let g be -2 + 0 + 0 + -1. Let b = 1 - g. List t